o?
2
Suppose j + 0*j = 22. Let m(s) = s**2 + 2. Let d be m(0). Suppose 3*u - 20 = -4*c - u, 0 = -d*c + 2*u + j. What is the units digit of c?
8
Suppose 3*i - 5*u = i + 28, -5*u - 14 = -i. What is the tens digit of i?
1
Suppose -22*c = -25*c + 249. What is the units digit of c?
3
Let j = 18 - 10. What is the units digit of (-20)/2*(-4)/j?
5
Let a(y) = -y**3 + 4*y**2 + 2*y - 6. Let v be a(4). Suppose -3*h - v*h = 10. What is the units digit of h - -4 - (1 + -2)?
3
Suppose 2*w = 3*w. Suppose -2*m - g - 26 = w, -m - 11 = -0*m + g. Let p = m + 24. What is the units digit of p?
9
Suppose -3*p - 5*k = -k + 2, 0 = 5*p - k - 35. Suppose -p*g + 3*g + 147 = 0. What is the tens digit of g?
4
Let z be 0 + 2 + 0/1. Suppose n + 0 + z = 0, -5*w + 3*n + 56 = 0. What is the units digit of w?
0
Let l(t) = t**2 + 6*t + 4. Let y be l(-4). Let v(w) = w + 1. Let x(o) = 10*o + 9. Let p(i) = 5*v(i) - x(i). What is the units digit of p(y)?
6
What is the units digit of 10/15 - 184/(-12)?
6
Suppose 10*b = 5*b - 5. Let t be (1 - 2) + 37 + b. Suppose -3*x + 25 = -0*x + i, -5*i - t = -5*x. What is the units digit of x?
8
Let y = 7 - -2. What is the units digit of y?
9
Let c be (2/3)/(4/30). Let h be (-1 + 0)/((-5)/c). Let a = 1 + h. What is the units digit of a?
2
Suppose u + o - 1 = -0*u, 3*u - 3*o - 33 = 0. Let z be (-6)/(-21) - 2/7. Suppose 4*m - m = -3*q + 27, -3*m + u = z. What is the units digit of q?
7
Let p = -96 + 296. What is the hundreds digit of p?
2
Let l = 213 - 142. What is the units digit of l?
1
What is the tens digit of -18*(-1)/((-3)/(-5))?
3
Let b(z) = 10*z**2 + 13*z - 5. What is the hundreds digit of b(-6)?
2
Let m = 47 - 1. What is the tens digit of m?
4
Suppose 0 = 4*b - 11 - 1. Let d(i) = -i**2 + 3*i. Let r be d(2). Suppose -r*o - b*x + x + 26 = 0, 2*o + 5*x - 35 = 0. What is the units digit of o?
0
Let w = 9 - 62. Let z = 80 + w. What is the units digit of z?
7
Let n(q) = 3*q**2 + 2*q - 1. Let b be n(1). Suppose 0*k + 2*k - b*x = -12, -5*k - x = -25. What is the units digit of k?
4
Suppose 7 = -2*f + 11. Suppose 3*v + b = 4*v - 2, v + 2*b + 4 = 0. Let q = v + f. What is the units digit of q?
2
Let k be 230/18 + 4/18. Suppose -3*q - k = 3*y + 2*q, -2*q = 2*y + 2. Let n = y + 0. What is the units digit of n?
4
Suppose 4*r - 18 = r. Let b(x) = -7*x**2 - 12*x + 4. Let m(s) = 6*s**2 + 11*s - 4. Let c(a) = r*m(a) + 5*b(a). What is the units digit of c(-7)?
3
Let h(q) = 2*q - 9. Let z be h(4). What is the units digit of z - -6 - (2 + -1)?
4
Let c = 1 + 0. Suppose 0 = m - c. What is the units digit of m?
1
Suppose 0 = -8*d + 10*d - 62. Suppose -2*o + d = 2*o + m, -3*m - 19 = -2*o. What is the units digit of o?
8
Suppose -2*h = 5*o - 12 - 13, 0 = -o - h + 8. Suppose o*y - d = 60, -y - d + 20 = 3*d. What is the units digit of y?
0
Suppose -d + i = -2*d + 266, 0 = 3*d - 2*i - 793. What is the units digit of d?
5
Suppose -4 = 3*u - 2*d, -8 = 5*u + d + 16. What is the tens digit of -1 - -27 - (u - -3)?
2
Let d(o) = -o**3 - 12*o**2 - o + 6. What is the units digit of d(-12)?
8
Let m be 2*(-1)/(-1) + 43. Suppose 3*c = -5*g + m, -c = 3*g - 0 - 15. What is the tens digit of c?
1
Suppose -61 = -4*t + u + 40, 3*t = -u + 74. What is the units digit of t?
5
Suppose 2*t = 3*l - 110, 3*t + 4*l - 3*l = -176. What is the units digit of (-1 - -3)/((-4)/t)?
9
Let k be 17/(-6) + 1/(-6). Let b = -1 - k. What is the units digit of b?
2
Suppose 25 = 5*n, w + w - 5 = -n. What is the units digit of w + 2 + (5 - 2)?
5
Let a = -4 + 8. Let i be (-1)/a - (-84)/16. Suppose 2*t = -4*r + r - 2, 5*r = -i*t - 10. What is the units digit of r?
2
Let c(i) = 2*i**3 - 6*i**2 - 4*i + 7. What is the units digit of c(5)?
7
Suppose 5*a + 44 = -5*i - 21, a + 4*i + 7 = 0. Let x be 4/(-10) - 276/a. Suppose x = 4*k - 6. What is the units digit of k?
6
Let s(p) = p + 6*p - 5 - 3*p + 4*p. What is the units digit of s(4)?
7
What is the units digit of (-3)/9 - (-176)/6?
9
Let b = 27 - 0. What is the units digit of b?
7
Let m(p) = 3*p**2 + 14*p - 5. What is the tens digit of m(-8)?
7
Suppose 3*i - 40 = 2*b + 3*b, 0 = -3*i - b + 10. Suppose 3*m - 9 = -i*k, 0 = m + k - 3*k - 14. What is the units digit of m?
8
Let r(b) = -b**3 - 6*b**2 + 5. Let m be r(-6). Let y = 6 + m. Let h = y - 8. What is the units digit of h?
3
Let m(x) = 10*x**2 + 4*x - 3. What is the tens digit of m(2)?
4
Let i = -1 - 1. What is the units digit of i/(-4) + (-5)/(-2)?
3
Suppose l + 3*l = 532. What is the tens digit of l?
3
Suppose n - 5*g = 2*n + 33, n + 2*g = -18. Let a = -3 - n. What is the units digit of a?
5
What is the units digit of (-129)/(-6)*2*1?
3
Suppose -5*j + 42 = -118. What is the tens digit of j?
3
Let x(p) = 5*p - 4. Let s be x(11). Suppose l = -2*l + s. What is the tens digit of l?
1
Suppose 11 = -2*j + 3. What is the tens digit of 47 - (3 + j + 1)?
4
Let u(a) = a**3 + 7*a**2 + 6*a + 5. Let t be u(-6). Suppose t*d = -3*g + 50, 2*g - 5*d + 11 = 36. What is the units digit of g?
5
Suppose 2*q + 0*q = 0. Let z be (q - 1) + (-7)/(-1). Suppose -4*f = -z*f + 28. What is the units digit of f?
4
Let a(u) = -u**2 - 10*u - 6. Suppose -8 = 2*g + 10. What is the units digit of a(g)?
3
Let g(w) = 22*w**2 + 3*w - 2. What is the units digit of g(4)?
2
Suppose 4*t = -0*t + 24. Suppose -4*a + 40 = -4*g, 2*g - 22 = -2*a - t. Let k(o) = o - 4. What is the units digit of k(a)?
5
Suppose 3*o - 8 - 271 = 0. What is the units digit of o?
3
Suppose 4*c - 4*l = 28, -c - l - l - 5 = 0. Suppose 0 = c*g - 3*j, g + 2*j - 2 - 7 = 0. What is the units digit of 1*g/((-6)/(-2))?
1
Let q(x) = -x**3 - 3*x**2 - x + 2. Let r = -1 + -2. Let b be q(r). Suppose -35 = -b*c + 2*o, 3*o - 42 = -3*c - 0*c. What is the units digit of c?
9
Suppose -u + 8 + 0 = 0. Let y = 4 - u. Let j = 0 - y. What is the units digit of j?
4
Suppose j = 2*f + 3 - 0, -6 = -5*f - 2*j. Suppose 2*g - 3*x - 20 = 0, -5*g - x + 3*x + 61 = f. Let a = g + -8. What is the units digit of a?
5
Suppose -15 = p - 42. What is the units digit of p?
7
Let c(b) = -b - 8. Let f be c(-8). Suppose f = 4*t - 51 - 17. Suppose 0 = -3*a + 4*q + 4, 3*q = 4*a - 0*q - t. What is the units digit of a?
8
Let k(h) = -h**3 + 10*h**2 - 5*h - 8. Let f(m) = 1. Let v(a) = -3*f(a) + k(a). What is the units digit of v(9)?
5
Let y = 379 - 201. What is the tens digit of y?
7
Suppose 3*u + 4 = -5. Let q be -1*(-19)/(-1) - 1. What is the units digit of (-8)/q - u/5?
1
Suppose -2*l - 8 + 42 = 0. What is the tens digit of l?
1
Let j = -14 + 8. Let g(i) = -i**3 - 6*i**2 + 2. Let q be g(j). Suppose -p + 0*t + 1 = -q*t, -4*p + 3*t = -4. What is the units digit of p?
1
Let s(c) = -2*c - 3 - c**3 - 6*c**2 + 6*c**2. What is the units digit of s(-2)?
9
Let i(r) = -5*r - 35. Let u be i(-11). Let y = 1 + 7. What is the units digit of 98/y + (-5)/u?
2
Let g = 4 + 22. What is the tens digit of g?
2
Let r(g) = g - 15. Let l(x) = 2. Let y(a) = -22*l(a) - 2*r(a). Let n be y(-11). Let h = n - 5. What is the units digit of h?
3
Let r(n) = -4*n + 1. Suppose 4*k = m + 14, -6*k + 2*k + 22 = -5*m. What is the units digit of r(m)?
9
Let v(l) = -l**3 - 2*l**2 - 2*l + 1. Let i be v(-2). Let h(d) = 1 + d - 3 + d**3 + i - 3*d**2. What is the tens digit of h(4)?
2
Let m = 21 - 1. Let i = m - 12. What is the units digit of i*6/4 - 2?
0
Let f = 13 + 11. What is the units digit of f?
4
Let z(v) = 3*v**2 - 3*v - 2. What is the units digit of z(4)?
4
Let d(s) = 3*s + 51. What is the units digit of d(0)?
1
Let v be 1*4 + (-1 - -1) + 0. Let y = 3 + -1. Suppose v = y*z + 2*z. What is the units digit of z?
1
Let y(v) = -7*v + 2. Let f be y(-3). Let h = 39 - f. What is the units digit of h?
6
Suppose 87 + 85 = 2*s. What is the units digit of s?
6
Let n(o) = -o**3 + 6*o**2 - 6*o - 1. Let x(b) = -5*b**3 + 25*b**2 - 25*b - 4. Let v(g) = -9*n(g) + 2*x(g). What is the units digit of v(-5)?
6
Let o = -65 + 139. What is the units digit of o?
4
Let m = -60 + 96. What is the units digit of m?
6
Suppose -3*z - 4*s + 329 = -82, 2*z - 274 = -3*s. What is the tens digit of z?
3
Let p be 5/(46/(-22) + 2). Let l = p + 27. What is the units digit of (-80)/(-14) - 8/l?
6
Suppose 5*b - 14 = 1. Suppose -4*m + b*g = -45, 3*m = 4*m - 4*g + 5. What is the tens digit of m?
1
Suppose -3 = 2*l - 7. What is the units digit of (-528)/(-15) - l/10?
5
Let r(f) be the third derivative 